{"id":385,"date":"2025-03-31T00:29:06","date_gmt":"2025-03-31T00:29:06","guid":{"rendered":"https:\/\/cards3reich.dkonto.pl\/?page_id=385"},"modified":"2025-03-31T10:57:34","modified_gmt":"2025-03-31T10:57:34","slug":"list-t-w","status":"publish","type":"page","link":"https:\/\/cards3reich.dkonto.pl\/index.php\/list-t-w\/","title":{"rendered":"List T-W"},"content":{"rendered":"<div align=\"center\">\n<table style=\"border-collapse: collapse; table-layout: fixed; width: 700px;\">\n<tbody>\n<tr>\n<td><a href=\"https:\/\/cards3reich.dkonto.pl\/index.php\/cards-list-alphabetic\/\">A-F<\/a><\/td>\n<td><a href=\"https:\/\/cards3reich.dkonto.pl\/index.php\/g-do-h\/\">G-H<\/a><\/td>\n<td><a href=\"https:\/\/cards3reich.dkonto.pl\/index.php\/j-m\/\">J-M<\/a><\/td>\n<td><a href=\"https:\/\/cards3reich.dkonto.pl\/index.php\/list-n-s\/\">N-S<\/a><\/td>\n<td>T-W<\/td>\n<td><a href=\"https:\/\/cards3reich.dkonto.pl\/index.php\/france-1940\/\">France 1940<\/a><\/td>\n<\/tr>\n<\/tbody>\n<\/table>\n<\/div>\n<div align=\"center\">\n<table style=\"border-collapse: collapse; table-layout: fixed; width: 700px;\">\n<caption>&nbsp;<\/caption>\n<tbody>\n<tr>\n<th style=\"width: 50px; text-align: center;\">Nr<\/th>\n<th style=\"text-align: center;\">Image<\/th>\n<\/tr>\n<tr>\n<td style=\"text-align: center;\">74<\/td>\n<td style=\"border: 1px solid white; padding: 5px;\"><a href=\"https:\/\/cards3reich.dkonto.pl\/wp-content\/gallery\/names-from-t-to-w-74-79\/74todt.gif\" target=\"_blank&quot;\" rel=\"noopener\">TODT Fritz, Photo-Hoffmann M\u00fcnchen, 9&#215;14 cm<\/a><\/td>\n<\/tr>\n<tr>\n<td style=\"text-align: center;\">75<\/td>\n<td style=\"border: 1px solid white; padding: 5px;\"><a href=\"https:\/\/cards3reich.dkonto.pl\/wp-content\/gallery\/names-from-t-to-w-74-79\/75tschammer_osten1.gif\" target=\"_blank&quot;\" rel=\"noopener\">TSCHAMMER-OSTEN von, Hans, Photo-Hoffmann M\u00fcnchen, 9&#215;14 cm<\/a><\/td>\n<\/tr>\n<tr>\n<td style=\"text-align: center;\">76<\/td>\n<td style=\"border: 1px solid white; padding: 5px;\"><a href=\"https:\/\/cards3reich.dkonto.pl\/wp-content\/gallery\/names-from-t-to-w-74-79\/76tschammer_osten2.gif\" target=\"_blank&quot;\" rel=\"noopener\">TSCHAMMER-OSTEN von, Hans, Photo-Hoffmann M\u00fcnchen, 9&#215;14 cm<\/a><\/td>\n<\/tr>\n<tr>\n<td style=\"text-align: center;\">77<\/td>\n<td style=\"border: 1px solid white; padding: 5px;\"><a href=\"https:\/\/cards3reich.dkonto.pl\/wp-content\/gallery\/names-from-t-to-w-74-79\/77ubben.gif\" target=\"_blank&quot;\" rel=\"noopener\">UBBEN Kurt, Verlag Rob. R\u00f6hr, Magdeburg, 10&#215;15 cm<\/a><\/td>\n<\/tr>\n<tr>\n<td style=\"text-align: center;\">78<\/td>\n<td style=\"border: 1px solid white; padding: 5px;\"><a href=\"https:\/\/cards3reich.dkonto.pl\/wp-content\/gallery\/names-from-t-to-w-74-79\/78udet.gif\" target=\"_blank&quot;\" rel=\"noopener\">UDET Ernst, Photo-Hoffmann M\u00fcnchen, 9&#215;14 cm<\/a><\/td>\n<\/tr>\n<tr>\n<td style=\"text-align: center;\">79<\/td>\n<td style=\"border: 1px solid white; padding: 5px;\"><a href=\"https:\/\/cards3reich.dkonto.pl\/wp-content\/gallery\/names-from-t-to-w-74-79\/79wick.gif\" target=\"_blank&quot;\" rel=\"noopener\">WICK Helmut, Photo-Hoffmann M\u00fcnchen, 9&#215;14 cm<\/a><\/td>\n<\/tr>\n<\/tbody>\n<\/table>\n<\/div>\n","protected":false},"excerpt":{"rendered":"<p>A-F G-H J-M N-S T-W France 1940 &nbsp; Nr Image 74 TODT Fritz, Photo-Hoffmann M\u00fcnchen, 9&#215;14 cm 75 TSCHAMMER-OSTEN von, Hans, Photo-Hoffmann M\u00fcnchen, 9&#215;14 cm 76 TSCHAMMER-OSTEN von, Hans, Photo-Hoffmann M\u00fcnchen, 9&#215;14 cm 77 UBBEN Kurt, Verlag Rob. R\u00f6hr, Magdeburg, 10&#215;15 cm 78 UDET Ernst, Photo-Hoffmann M\u00fcnchen, 9&#215;14 cm 79 WICK Helmut, Photo-Hoffmann M\u00fcnchen, 9&#215;14 &hellip; <\/p>\n<p class=\"link-more\"><a href=\"https:\/\/cards3reich.dkonto.pl\/index.php\/list-t-w\/\" class=\"more-link\">Continue reading<span class=\"screen-reader-text\"> &#8220;List T-W&#8221;<\/span><\/a><\/p>\n","protected":false},"author":1,"featured_media":0,"parent":0,"menu_order":0,"comment_status":"closed","ping_status":"closed","template":"","meta":{"ngg_post_thumbnail":0,"footnotes":""},"class_list":["post-385","page","type-page","status-publish","hentry"],"_links":{"self":[{"href":"https:\/\/cards3reich.dkonto.pl\/index.php\/wp-json\/wp\/v2\/pages\/385","targetHints":{"allow":["GET"]}}],"collection":[{"href":"https:\/\/cards3reich.dkonto.pl\/index.php\/wp-json\/wp\/v2\/pages"}],"about":[{"href":"https:\/\/cards3reich.dkonto.pl\/index.php\/wp-json\/wp\/v2\/types\/page"}],"author":[{"embeddable":true,"href":"https:\/\/cards3reich.dkonto.pl\/index.php\/wp-json\/wp\/v2\/users\/1"}],"replies":[{"embeddable":true,"href":"https:\/\/cards3reich.dkonto.pl\/index.php\/wp-json\/wp\/v2\/comments?post=385"}],"version-history":[{"count":6,"href":"https:\/\/cards3reich.dkonto.pl\/index.php\/wp-json\/wp\/v2\/pages\/385\/revisions"}],"predecessor-version":[{"id":430,"href":"https:\/\/cards3reich.dkonto.pl\/index.php\/wp-json\/wp\/v2\/pages\/385\/revisions\/430"}],"wp:attachment":[{"href":"https:\/\/cards3reich.dkonto.pl\/index.php\/wp-json\/wp\/v2\/media?parent=385"}],"curies":[{"name":"wp","href":"https:\/\/api.w.org\/{rel}","templated":true}]}}