{"id":380,"date":"2025-03-31T00:19:07","date_gmt":"2025-03-31T00:19:07","guid":{"rendered":"https:\/\/cards3reich.dkonto.pl\/?page_id=380"},"modified":"2025-03-31T10:58:08","modified_gmt":"2025-03-31T10:58:08","slug":"list-n-s","status":"publish","type":"page","link":"https:\/\/cards3reich.dkonto.pl\/index.php\/list-n-s\/","title":{"rendered":"List N-S"},"content":{"rendered":"<div align=\"center\">\n<table style=\"border-collapse: collapse; table-layout: fixed; width: 700px;\">\n<tbody>\n<tr>\n<td><a href=\"https:\/\/cards3reich.dkonto.pl\/index.php\/cards-list-alphabetic\/\">A-F<\/a><\/td>\n<td><a href=\"https:\/\/cards3reich.dkonto.pl\/index.php\/g-do-h\/\">G-H<\/a><\/td>\n<td><a href=\"https:\/\/cards3reich.dkonto.pl\/index.php\/j-m\/\">J-M<\/a><\/td>\n<td>N-S<\/td>\n<td><a href=\"https:\/\/cards3reich.dkonto.pl\/index.php\/list-t-w\/\">T-W<\/a><\/td>\n<td><a href=\"https:\/\/cards3reich.dkonto.pl\/index.php\/france-1940\/\">France 1940<\/a><\/td>\n<\/tr>\n<\/tbody>\n<\/table>\n<\/div>\n<div align=\"center\">\n<table style=\"border-collapse: collapse; table-layout: fixed; width: 700px;\">\n<caption>&nbsp;<\/caption>\n<tbody>\n<tr>\n<th style=\"width: 50px; text-align: center;\">Nr<\/th>\n<th style=\"text-align: center;\">Image<\/th>\n<\/tr>\n<tr>\n<td style=\"text-align: center;\">55<\/td>\n<td style=\"border: 1px solid white; padding: 5px;\"><a href=\"https:\/\/cards3reich.dkonto.pl\/wp-content\/gallery\/names-from-n-to-s-55-73\/55neurath.gif\" target=\"_blank&quot;\" rel=\"noopener\">NEURATH von, Konstantin, Photo-Hoffmann M\u00fcnchen, 9&#215;14 cm<\/a><\/td>\n<\/tr>\n<tr>\n<td style=\"text-align: center;\">56<\/td>\n<td style=\"border: 1px solid white; padding: 5px;\"><a href=\"https:\/\/cards3reich.dkonto.pl\/wp-content\/gallery\/names-from-n-to-s-55-73\/56papen.gif\" target=\"_blank&quot;\" rel=\"noopener\">PAPEN von, Franz, Photo-Hoffmann M\u00fcnchen, 9&#215;14 cm<\/a><\/td>\n<\/tr>\n<tr>\n<td style=\"text-align: center;\">57<\/td>\n<td style=\"border: 1px solid white; padding: 5px;\"><a href=\"https:\/\/cards3reich.dkonto.pl\/wp-content\/gallery\/names-from-n-to-s-55-73\/57paulus.gif\" target=\"_blank&quot;\" rel=\"noopener\">PAULUS Friedrich, Photo-Hoffmann M\u00fcnchen, 9&#215;14 cm<\/a><\/td>\n<\/tr>\n<tr>\n<td style=\"text-align: center;\">58<\/td>\n<td style=\"border: 1px solid white; padding: 5px;\"><a href=\"https:\/\/cards3reich.dkonto.pl\/wp-content\/gallery\/names-from-n-to-s-55-73\/58raeder.gif\" target=\"_blank&quot;\" rel=\"noopener\">RAEDER Erich, Photo-Hoffmann M\u00fcnchen, 9&#215;14 cm<\/a><\/td>\n<\/tr>\n<tr>\n<td style=\"text-align: center;\">59<\/td>\n<td style=\"border: 1px solid white; padding: 5px;\"><a href=\"https:\/\/cards3reich.dkonto.pl\/wp-content\/gallery\/names-from-n-to-s-55-73\/59reichenau.gif\" target=\"_blank&quot;\" rel=\"noopener\">REICHENAU von, Walter, Verlag Rob. R\u00f6hr Magdeburg, 10,5 x 15 cm<\/a><\/td>\n<\/tr>\n<tr>\n<td style=\"text-align: center;\">60<\/td>\n<td style=\"border: 1px solid white; padding: 5px;\"><a href=\"https:\/\/cards3reich.dkonto.pl\/wp-content\/gallery\/names-from-n-to-s-55-73\/60ribbentrop1.gif\" target=\"_blank&quot;\" rel=\"noopener\">RIBBENTROP von, Joachim, Foto u. Verlag R\u00f6hr, Magdeburg, 10,5&#215;15 cm<\/a><\/td>\n<\/tr>\n<tr>\n<td style=\"text-align: center;\">61<\/td>\n<td style=\"border: 1px solid white; padding: 5px;\"><a href=\"https:\/\/cards3reich.dkonto.pl\/wp-content\/gallery\/names-from-n-to-s-55-73\/61ribbentrop2.gif\" target=\"_blank&quot;\" rel=\"noopener\">RIBBENTROP von, Joachim, Photo-Hoffmann M\u00fcnchen, 9&#215;14 cm<\/a><\/td>\n<\/tr>\n<tr>\n<td style=\"text-align: center;\">62<\/td>\n<td style=\"border: 1px solid white; padding: 5px;\"><a href=\"https:\/\/cards3reich.dkonto.pl\/wp-content\/gallery\/names-from-n-to-s-55-73\/62rommel1.gif\" target=\"_blank&quot;\" rel=\"noopener\">ROMMEL Erwin, Photo-Hoffmann M\u00fcnchen, 9&#215;14 cm<\/a><\/td>\n<\/tr>\n<tr>\n<td style=\"text-align: center;\">63<\/td>\n<td style=\"border: 1px solid white; padding: 5px;\"><a href=\"https:\/\/cards3reich.dkonto.pl\/wp-content\/gallery\/names-from-n-to-s-55-73\/63rommel2.gif\" target=\"_blank&quot;\" rel=\"noopener\">ROMMEL Erwin, Photo-Hoffmann M\u00fcnchen, 9&#215;14 cm<\/a><\/td>\n<\/tr>\n<tr>\n<td style=\"text-align: center;\">64<\/td>\n<td style=\"border: 1px solid white; padding: 5px;\"><a href=\"https:\/\/cards3reich.dkonto.pl\/wp-content\/gallery\/names-from-n-to-s-55-73\/64rosenberg.gif\" target=\"_blank&quot;\" rel=\"noopener\">ROSENBERG Alfred, Photo-Hoffmann M\u00fcnchen, 9&#215;14 cm<\/a><\/td>\n<\/tr>\n<tr>\n<td style=\"text-align: center;\">65<\/td>\n<td style=\"border: 1px solid white; padding: 5px;\"><a href=\"https:\/\/cards3reich.dkonto.pl\/wp-content\/gallery\/names-from-n-to-s-55-73\/65rundstedt.gif\" target=\"_blank&quot;\" rel=\"noopener\">RUNDSTEDT von, Gerd, Photo-Hoffmann M\u00fcnchen, 9&#215;14 cm<\/a><\/td>\n<\/tr>\n<tr>\n<td style=\"text-align: center;\">66<\/td>\n<td style=\"border: 1px solid white; padding: 5px;\"><a href=\"https:\/\/cards3reich.dkonto.pl\/wp-content\/gallery\/names-from-n-to-s-55-73\/66saalwaechter.gif\" target=\"_blank&quot;\" rel=\"noopener\">SAALW\u00c4CHTER Alfred, Verlag Rob. R\u00f6hr, Magdeburg, 10,5&#215;15 cm<\/a><\/td>\n<\/tr>\n<tr>\n<td style=\"text-align: center;\">67<\/td>\n<td style=\"border: 1px solid white; padding: 5px;\"><a href=\"https:\/\/cards3reich.dkonto.pl\/wp-content\/gallery\/names-from-n-to-s-55-73\/67scherer.gif\" target=\"_blank&quot;\" rel=\"noopener\">SCHERER Theodor, Photo-Hoffmann M\u00fcnchen, 9&#215;14 cm<\/a><\/td>\n<\/tr>\n<tr>\n<td style=\"text-align: center;\">68<\/td>\n<td style=\"border: 1px solid white; padding: 5px;\"><a href=\"https:\/\/cards3reich.dkonto.pl\/wp-content\/gallery\/names-from-n-to-s-55-73\/68schirach1.gif\" target=\"_blank&quot;\" rel=\"noopener\">SCHIRACH von, Baldur, Hoffmann, Verl. Nat soz. Bilder, Berlin, 9&#215;14 cm<\/a><\/td>\n<\/tr>\n<tr>\n<td style=\"text-align: center;\">69<\/td>\n<td style=\"border: 1px solid white; padding: 5px;\"><a href=\"https:\/\/cards3reich.dkonto.pl\/wp-content\/gallery\/names-from-n-to-s-55-73\/69schirach2.gif\" target=\"_blank&quot;\" rel=\"noopener\">SCHIRACH von, Baldur, Photo-Hoffmann M\u00fcnchen, 10 x 15 cm<\/a><\/td>\n<\/tr>\n<tr>\n<td style=\"text-align: center;\">70<\/td>\n<td style=\"border: 1px solid white; padding: 5px;\"><a href=\"https:\/\/cards3reich.dkonto.pl\/wp-content\/gallery\/names-from-n-to-s-55-73\/70seissinquart.gif\" target=\"_blank&quot;\" rel=\"noopener\">SEISS-INQUART Arthur, Photo-Hoffmann M\u00fcnchen, 9&#215;14 cm<\/a><\/td>\n<\/tr>\n<tr>\n<td style=\"text-align: center;\">71<\/td>\n<td style=\"border: 1px solid white; padding: 5px;\"><a href=\"https:\/\/cards3reich.dkonto.pl\/wp-content\/gallery\/names-from-n-to-s-55-73\/71speck.gif\" target=\"_blank&quot;\" rel=\"noopener\">SPECK von, Hermann Ritter, Photo-Hoffmann M\u00fcnchen, 9&#215;14 cm<\/a><\/td>\n<\/tr>\n<tr>\n<td style=\"text-align: center;\">72<\/td>\n<td style=\"border: 1px solid white; padding: 5px;\"><a href=\"https:\/\/cards3reich.dkonto.pl\/wp-content\/gallery\/names-from-n-to-s-55-73\/72speer.gif\" target=\"_blank&quot;\" rel=\"noopener\">SPEER Albert, Foto und Verlag R\u00f6hr Magdeburg, 10,5&#215;14,5 cm<\/a><\/td>\n<\/tr>\n<tr>\n<td style=\"text-align: center;\">73<\/td>\n<td style=\"border: 1px solid white; padding: 5px;\"><a href=\"https:\/\/cards3reich.dkonto.pl\/wp-content\/gallery\/names-from-n-to-s-55-73\/73sperrle.gif\" target=\"_blank&quot;\" rel=\"noopener\">SPERRLE Hugo, Verlag Rob. R\u00f6hr, Magdeburg, 10,5&#215;14,7 cm<\/a><\/td>\n<\/tr>\n<\/tbody>\n<\/table>\n<\/div>\n","protected":false},"excerpt":{"rendered":"<p>A-F G-H J-M N-S T-W France 1940 &nbsp; Nr Image 55 NEURATH von, Konstantin, Photo-Hoffmann M\u00fcnchen, 9&#215;14 cm 56 PAPEN von, Franz, Photo-Hoffmann M\u00fcnchen, 9&#215;14 cm 57 PAULUS Friedrich, Photo-Hoffmann M\u00fcnchen, 9&#215;14 cm 58 RAEDER Erich, Photo-Hoffmann M\u00fcnchen, 9&#215;14 cm 59 REICHENAU von, Walter, Verlag Rob. R\u00f6hr Magdeburg, 10,5 x 15 cm 60 RIBBENTROP von, &hellip; <\/p>\n<p class=\"link-more\"><a href=\"https:\/\/cards3reich.dkonto.pl\/index.php\/list-n-s\/\" class=\"more-link\">Continue reading<span class=\"screen-reader-text\"> &#8220;List N-S&#8221;<\/span><\/a><\/p>\n","protected":false},"author":1,"featured_media":0,"parent":0,"menu_order":0,"comment_status":"closed","ping_status":"closed","template":"","meta":{"ngg_post_thumbnail":0,"footnotes":""},"class_list":["post-380","page","type-page","status-publish","hentry"],"_links":{"self":[{"href":"https:\/\/cards3reich.dkonto.pl\/index.php\/wp-json\/wp\/v2\/pages\/380","targetHints":{"allow":["GET"]}}],"collection":[{"href":"https:\/\/cards3reich.dkonto.pl\/index.php\/wp-json\/wp\/v2\/pages"}],"about":[{"href":"https:\/\/cards3reich.dkonto.pl\/index.php\/wp-json\/wp\/v2\/types\/page"}],"author":[{"embeddable":true,"href":"https:\/\/cards3reich.dkonto.pl\/index.php\/wp-json\/wp\/v2\/users\/1"}],"replies":[{"embeddable":true,"href":"https:\/\/cards3reich.dkonto.pl\/index.php\/wp-json\/wp\/v2\/comments?post=380"}],"version-history":[{"count":7,"href":"https:\/\/cards3reich.dkonto.pl\/index.php\/wp-json\/wp\/v2\/pages\/380\/revisions"}],"predecessor-version":[{"id":431,"href":"https:\/\/cards3reich.dkonto.pl\/index.php\/wp-json\/wp\/v2\/pages\/380\/revisions\/431"}],"wp:attachment":[{"href":"https:\/\/cards3reich.dkonto.pl\/index.php\/wp-json\/wp\/v2\/media?parent=380"}],"curies":[{"name":"wp","href":"https:\/\/api.w.org\/{rel}","templated":true}]}}