{"id":363,"date":"2025-03-30T23:32:50","date_gmt":"2025-03-30T23:32:50","guid":{"rendered":"https:\/\/cards3reich.dkonto.pl\/?page_id=363"},"modified":"2025-03-31T10:58:35","modified_gmt":"2025-03-31T10:58:35","slug":"j-m","status":"publish","type":"page","link":"https:\/\/cards3reich.dkonto.pl\/index.php\/j-m\/","title":{"rendered":"List J-M"},"content":{"rendered":"<div align=\"center\">\n<table style=\"border-collapse: collapse; table-layout: fixed; width: 700px;\">\n<tbody>\n<tr>\n<td><a href=\"https:\/\/cards3reich.dkonto.pl\/index.php\/cards-list-alphabetic\/\">A-F<\/a><\/td>\n<td><a href=\"https:\/\/cards3reich.dkonto.pl\/index.php\/g-do-h\/\">G-H<\/a><\/td>\n<td>J-M<\/td>\n<td><a href=\"https:\/\/cards3reich.dkonto.pl\/index.php\/list-n-s\/\">N-S<\/a><\/td>\n<td><a href=\"https:\/\/cards3reich.dkonto.pl\/index.php\/list-t-w\/\">T-W<\/a><\/td>\n<td><a href=\"https:\/\/cards3reich.dkonto.pl\/index.php\/france-1940\/\">France 1940<\/a><\/td>\n<\/tr>\n<\/tbody>\n<\/table>\n<\/div>\n<div align=\"center\">\n<table style=\"border-collapse: collapse; table-layout: fixed; width: 700px;\">\n<caption>&nbsp;<\/caption>\n<tbody>\n<tr>\n<th style=\"width: 50px; text-align: center;\">Nr<\/th>\n<th style=\"text-align: center;\">Image<\/th>\n<\/tr>\n<tr>\n<td style=\"text-align: center;\">37<\/td>\n<td style=\"border: 1px solid white; padding: 5px;\"><a href=\"https:\/\/cards3reich.dkonto.pl\/wp-content\/gallery\/nowa-h_k\/37joppien.gif\" target=\"_blank&quot;\" rel=\"noopener\">JOPPIEN Hermann-Friedrich, Photo-Hoffmann M\u00fcnchen, 9&#215;14 cm<\/a><\/td>\n<\/tr>\n<tr>\n<td style=\"text-align: center;\">38<\/td>\n<td style=\"border: 1px solid white; padding: 5px;\"><a href=\"https:\/\/cards3reich.dkonto.pl\/wp-content\/gallery\/nowa-h_k\/38keitel1.gif\" target=\"_blank&quot;\" rel=\"noopener\">KEITEL Wilhelm, Film Foto Verlag Berlin, 10,5 x 15 cm<\/a><\/td>\n<\/tr>\n<tr>\n<td style=\"text-align: center;\">39<\/td>\n<td style=\"border: 1px solid white; padding: 5px;\"><a href=\"https:\/\/cards3reich.dkonto.pl\/wp-content\/gallery\/nowa-h_k\/39keitel2.gif\" target=\"_blank&quot;\" rel=\"noopener\">KEITEL Wilhelm, Photo-Hoffmann M\u00fcnchen, 9&#215;14 cm<\/a><\/td>\n<\/tr>\n<tr>\n<td style=\"text-align: center;\">40<\/td>\n<td style=\"border: 1px solid white; padding: 5px;\"><a href=\"https:\/\/cards3reich.dkonto.pl\/wp-content\/gallery\/nowa-h_k\/40keller.gif\" target=\"_blank&quot;\" rel=\"noopener\">KELLER Alfred, Verlag Rob. R\u00f6hr, Magdeburg, 10,5&#215;14,7 cm<\/a><\/td>\n<\/tr>\n<tr>\n<td style=\"text-align: center;\">41<\/td>\n<td style=\"border: 1px solid white; padding: 5px;\"><a href=\"https:\/\/cards3reich.dkonto.pl\/wp-content\/gallery\/nowa-h_k\/41kesselring.gif\" target=\"_blank&quot;\" rel=\"noopener\">KESSELRING Albert, Photo-Hoffmann M\u00fcnchen, 9&#215;14 cm<\/a><\/td>\n<\/tr>\n<tr>\n<td style=\"text-align: center;\">42<\/td>\n<td style=\"border: 1px solid white; padding: 5px;\"><a href=\"https:\/\/cards3reich.dkonto.pl\/wp-content\/gallery\/nowa-h_k\/42klingenberg.gif\" target=\"_blank&quot;\" rel=\"noopener\">KLINGENBERG Fritz, Photo-Hoffmann M\u00fcnchen, 9&#215;14 cm<\/a><\/td>\n<\/tr>\n<tr>\n<td style=\"text-align: center;\">43<\/td>\n<td style=\"border: 1px solid white; padding: 5px;\"><a href=\"https:\/\/cards3reich.dkonto.pl\/wp-content\/gallery\/nowa-h_k\/43krosigk.gif\" target=\"_blank&quot;\" rel=\"noopener\">KROSIGK von, Lutz, Photo-Hoffmann M\u00fcnchen, 9&#215;14 cm<\/a><\/td>\n<\/tr>\n<tr>\n<td style=\"text-align: center;\">44<\/td>\n<td style=\"border: 1px solid white; padding: 5px;\"><a href=\"https:\/\/cards3reich.dkonto.pl\/wp-content\/gallery\/nowa-h_k\/44kuechler.gif\" target=\"_blank&quot;\" rel=\"noopener\">K\u00dcCHLER von, Georg, Photo-Hoffmann M\u00fcnchen, 9&#215;14 cm<\/a><\/td>\n<\/tr>\n<tr>\n<td style=\"text-align: center;\">45<\/td>\n<td style=\"border: 1px solid white; padding: 5px;\"><a href=\"https:\/\/cards3reich.dkonto.pl\/wp-content\/gallery\/nowa-h_k\/45leeb.gif\" target=\"_blank&quot;\" rel=\"noopener\">LEEB Wilhelm, Verlag Rob. R\u00f6hr, Magdeburg, 10,5&#215;14,5 cm<\/a><\/td>\n<\/tr>\n<tr>\n<td style=\"text-align: center;\">46<\/td>\n<td style=\"border: 1px solid white; padding: 5px;\"><a href=\"https:\/\/cards3reich.dkonto.pl\/wp-content\/gallery\/nowa-h_k\/46ley1.gif\" target=\"_blank&quot;\" rel=\"noopener\">LEY Robert, Fot. Rob. R\u00f6hr, 10&#215;15 cm<\/a><\/td>\n<\/tr>\n<tr>\n<td style=\"text-align: center;\">47<\/td>\n<td style=\"border: 1px solid white; padding: 5px;\"><a href=\"https:\/\/cards3reich.dkonto.pl\/wp-content\/gallery\/nowa-h_k\/47ley2.gif\" target=\"_blank&quot;\" rel=\"noopener\">LEY Robert, Photo-Hoffmann M\u00fcnchen, 9&#215;14 cm<\/a><\/td>\n<\/tr>\n<tr>\n<td style=\"text-align: center;\">48<\/td>\n<td style=\"border: 1px solid white; padding: 5px;\"><a href=\"https:\/\/cards3reich.dkonto.pl\/wp-content\/gallery\/nowa-h_k\/48list.gif\" target=\"_blank&quot;\" rel=\"noopener\">LIST Wilhelm, Photo-Hoffmann M\u00fcnchen, 9&#215;14 cm<\/a><\/td>\n<\/tr>\n<tr>\n<td style=\"text-align: center;\">49<\/td>\n<td style=\"border: 1px solid white; padding: 5px;\"><a href=\"https:\/\/cards3reich.dkonto.pl\/wp-content\/gallery\/nowa-h_k\/49litzmann.gif\" target=\"_blank&quot;\" rel=\"noopener\">LITZMANN Karl, Hhoffmann, Verl. Ns Bild, Berlin, 9&#215;14 cm<\/a><\/td>\n<\/tr>\n<tr>\n<td style=\"text-align: center;\">50<\/td>\n<td style=\"border: 1px solid white; padding: 5px;\"><a href=\"https:\/\/cards3reich.dkonto.pl\/wp-content\/gallery\/nowa-h_k\/50lutze.gif\" target=\"_blank&quot;\" rel=\"noopener\">LUTZE Viktor, Photo-Hoffmann M\u00fcnchen, 9&#215;14 cm<\/a><\/td>\n<\/tr>\n<tr>\n<td style=\"text-align: center;\">51<\/td>\n<td style=\"border: 1px solid white; padding: 5px;\"><a href=\"https:\/\/cards3reich.dkonto.pl\/wp-content\/gallery\/nowa-h_k\/51manstein.gif\" target=\"_blank&quot;\" rel=\"noopener\">MANSTEIN von, Erich, Photo-Hoffmann M\u00fcnchen, 9&#215;14 cm<\/a><\/td>\n<\/tr>\n<tr>\n<td style=\"text-align: center;\">52<\/td>\n<td style=\"border: 1px solid white; padding: 5px;\"><a href=\"https:\/\/cards3reich.dkonto.pl\/wp-content\/gallery\/nowa-h_k\/52marsaeille.gif\" target=\"_blank&quot;\" rel=\"noopener\">MARSAEILLE Hans-Joachim,Photo-Hoffmann M\u00fcnchen, 9&#215;14 cm<\/a><\/td>\n<\/tr>\n<tr>\n<td style=\"text-align: center;\">53<\/td>\n<td style=\"border: 1px solid white; padding: 5px;\"><a href=\"https:\/\/cards3reich.dkonto.pl\/wp-content\/gallery\/nowa-h_k\/53molders.gif\" target=\"_blank&quot;\" rel=\"noopener\">M\u00d6LDERS Werner, Photo-Hoffmann M\u00fcnchen, 9&#215;14 cm<\/a><\/td>\n<\/tr>\n<tr>\n<td style=\"text-align: center;\">54<\/td>\n<td style=\"border: 1px solid white; padding: 5px;\"><a href=\"https:\/\/cards3reich.dkonto.pl\/wp-content\/gallery\/nowa-h_k\/54muencheberg.gif\" target=\"_blank&quot;\" rel=\"noopener\">M\u00dcNCHEBERG Joachim, Photo-Hoffmann M\u00fcnchen, 9&#215;14 cm<\/a><\/td>\n<\/tr>\n<\/tbody>\n<\/table>\n<\/div>\n","protected":false},"excerpt":{"rendered":"<p>A-F G-H J-M N-S T-W France 1940 &nbsp; Nr Image 37 JOPPIEN Hermann-Friedrich, Photo-Hoffmann M\u00fcnchen, 9&#215;14 cm 38 KEITEL Wilhelm, Film Foto Verlag Berlin, 10,5 x 15 cm 39 KEITEL Wilhelm, Photo-Hoffmann M\u00fcnchen, 9&#215;14 cm 40 KELLER Alfred, Verlag Rob. R\u00f6hr, Magdeburg, 10,5&#215;14,7 cm 41 KESSELRING Albert, Photo-Hoffmann M\u00fcnchen, 9&#215;14 cm 42 KLINGENBERG Fritz, Photo-Hoffmann &hellip; <\/p>\n<p class=\"link-more\"><a href=\"https:\/\/cards3reich.dkonto.pl\/index.php\/j-m\/\" class=\"more-link\">Continue reading<span class=\"screen-reader-text\"> &#8220;List J-M&#8221;<\/span><\/a><\/p>\n","protected":false},"author":1,"featured_media":0,"parent":0,"menu_order":0,"comment_status":"closed","ping_status":"closed","template":"","meta":{"ngg_post_thumbnail":0,"footnotes":""},"class_list":["post-363","page","type-page","status-publish","hentry"],"_links":{"self":[{"href":"https:\/\/cards3reich.dkonto.pl\/index.php\/wp-json\/wp\/v2\/pages\/363","targetHints":{"allow":["GET"]}}],"collection":[{"href":"https:\/\/cards3reich.dkonto.pl\/index.php\/wp-json\/wp\/v2\/pages"}],"about":[{"href":"https:\/\/cards3reich.dkonto.pl\/index.php\/wp-json\/wp\/v2\/types\/page"}],"author":[{"embeddable":true,"href":"https:\/\/cards3reich.dkonto.pl\/index.php\/wp-json\/wp\/v2\/users\/1"}],"replies":[{"embeddable":true,"href":"https:\/\/cards3reich.dkonto.pl\/index.php\/wp-json\/wp\/v2\/comments?post=363"}],"version-history":[{"count":15,"href":"https:\/\/cards3reich.dkonto.pl\/index.php\/wp-json\/wp\/v2\/pages\/363\/revisions"}],"predecessor-version":[{"id":432,"href":"https:\/\/cards3reich.dkonto.pl\/index.php\/wp-json\/wp\/v2\/pages\/363\/revisions\/432"}],"wp:attachment":[{"href":"https:\/\/cards3reich.dkonto.pl\/index.php\/wp-json\/wp\/v2\/media?parent=363"}],"curies":[{"name":"wp","href":"https:\/\/api.w.org\/{rel}","templated":true}]}}